re the prime factors of s?
2, 37
Suppose -t + 19 + 12 = 0. Let l = t - 22. Suppose -r - 2*r + l = 0. What are the prime factors of r?
3
Suppose 4*a = -12, -8*t = -13*t + 4*a + 172. List the prime factors of t.
2
Suppose 39270 = -19*v + 53*v. What are the prime factors of v?
3, 5, 7, 11
Let m be ((-6)/(-3))/(-2)*-1. Let y be 70 + -1 + 1 + m. Let n = -35 + y. What are the prime factors of n?
2, 3
Let i be (175/(-55) + 3)*-11. Suppose f - 248 = -3*l, i*f + 2*f = 8. List the prime factors of l.
2, 41
Let m be 2681/49 + 2/7 - -2. Let f = m + -50. List the prime factors of f.
7
Suppose 0 = 43*f - 63*f + 27640. What are the prime factors of f?
2, 691
Suppose -3*q - 4*p = -281, q = p - 0*p + 89. List the prime factors of q.
7, 13
Suppose -474 = -i + 80. What are the prime factors of i?
2, 277
Let d(y) = 3*y + 8. Suppose 1 = l - 4. Let j be d(l). Suppose 2*f - 139 + j = 0. What are the prime factors of f?
2, 29
Suppose 193*m + 1548 = 199*m. Let i(p) = 50*p - 5. Let z be i(6). Suppose -5*n + m = -n + 2*b, 5*n - 3*b = z. What are the prime factors of n?
2, 31
Suppose -3*y = -46 - 620. Suppose 0*z - 3*z + y = 0. List the prime factors of 30/(-20) - z/(-4).
17
Let y(t) = 3*t**2 + 23*t - 28. What are the prime factors of y(-14)?
2, 7, 17
Let d = 36 + -10. Suppose -5*q + d = -9. Suppose 0 = -4*n + q + 13. What are the prime factors of n?
5
Suppose 588 = f + 11*f. What are the prime factors of f?
7
Let h = 637 - 957. Let z = h - -468. What are the prime factors of z?
2, 37
Let u(v) = 82*v - 195. List the prime factors of u(6).
3, 11
Let c = -68 + 35. Let w = c + 62. What are the prime factors of w?
29
Let o be 4/14 + 144*32/42. Suppose p + o + 11 = 3*i, -3*p = -5*i + 199. List the prime factors of i.
41
Let i be -2 + (6 - (-1 - -1)). Let p(y) = -3*y**2 - 2*y - 3. Let r(o) = 12*o**2 + 5*o + 9. Let d(s) = 7*p(s) + 2*r(s). List the prime factors of d(i).
29
Suppose -5*k = 4*j + 30, 4*k - 38 = 3*j - 0*k. What are the prime factors of (-4)/j + (-112)/(-20)?
2, 3
Let w = 5 + -1. Let d = w + -5. What are the prime factors of d/(-2)*-2 + 17?
2
Let i = 233 - -946. List the prime factors of i.
3, 131
Suppose 0*h - 5*h = 3*l + 381, 2*h = 4*l + 508. Let n = l - -310. List the prime factors of n.
3, 61
Let u = 18 + -10. Let m(h) = h**2 - 8*h + 15. What are the prime factors of m(u)?
3, 5
Suppose 3*f - 6 = -8*b + 5*b, -2*b + 4 = 0. Suppose 0 = -2*j, -4*d + f*j = -j - 24. List the prime factors of -2 - 1 - -2*d.
3
Suppose 5*c = c + 12. Let i = -31 + 43. What are the prime factors of c/i + 76/16?
5
Let i = -1402 - -2198. What are the prime factors of i?
2, 199
Let b be (2/6*-9)/((-6)/8). Suppose 0 = 4*r - 16, 0 = -5*u - 5*r + b*r + 1514. List the prime factors of u.
2, 151
Suppose 4*g - 116 = -3*d, -g - 4*d + 0*d + 16 = 0. Suppose 29 = p - o - g, -2*o = -5*p + 290. What are the prime factors of p?
2, 7
Let y(l) = l**3 - 10*l**2 - 7*l - 32. What are the prime factors of y(12)?
2, 43
Let k = 2710 + -2195. What are the prime factors of k?
5, 103
Suppose -2952 + 18786 = 26*r. List the prime factors of r.
3, 7, 29
Let g be ((-17)/3 - -5)/((-1)/15). What are the prime factors of g/(-6) + (-822)/(-18)?
2, 11
Let q be (-4)/12 + (-28)/(-3). Let h(n) be the first derivative of -n**4/4 + 3*n**3 + n**2 + 6. List the prime factors of h(q).
2, 3
Let h = 76 - 55. Suppose 12*s = h*s - 1206. What are the prime factors of s?
2, 67
Let f = 6 - 11. Let c = f + 7. Suppose c*q - 2*h = 42, -4*q + 4*h = 2*h - 82. List the prime factors of q.
2, 5
Suppose -15*f = -9915 - 16725. What are the prime factors of f?
2, 3, 37
Let d = 493 + 1532. List the prime factors of d.
3, 5
Let s(f) = -17*f + 4. Let m be 1/4 + 145/(-40)*2. What are the prime factors of s(m)?
3, 41
What are the prime factors of -4 - (-532 + 0 + 28/(-7))?
2, 7, 19
Let n be (-1)/(-2*2/12). Let s = 5 - n. Suppose 0*w + s*w - 10 = 0. List the prime factors of w.
5
Suppose -4*s - 25 = -9*s, 0 = -4*g + 4*s + 8. Let j(i) = 2*i**2 - 9*i - 10. Let x be j(g). Suppose -2*z + 7*z - x = 0. List the prime factors of z.
5
Let v be (56/(-5))/(-2)*-5. List the prime factors of (-251)/(-2) + 14/v.
5
Let c(q) be the second derivative of -q**5/20 - 3*q**4/4 + q**3 - 2*q**2 - q. Suppose -25 = -7*z - 95. What are the prime factors of c(z)?
2, 3
Suppose 2*b + 2*l - 18 = 6*l, 4*b = -3*l - 19. What are the prime factors of b + 7 - -52 - (0 + 4)?
2, 3
List the prime factors of (7 - 0)/(17/1343) + -2.
19, 29
Suppose -o - 5*u = -7, 4*o + 4 = -0*o - 4*u. What are the prime factors of o/(6*(-3)/1056)?
2, 11
Let f(s) = -s**3 - 10*s**2 + 7*s - 108. List the prime factors of f(-17).
2, 449
Let x(c) = 109*c + 3. Let l(y) = y. Let s(j) = 2*l(j) + x(j). List the prime factors of s(1).
2, 3, 19
Let k(p) = -6*p**2 - 7 - 3*p + 2*p + 3*p - p**3 + 2*p**3. Let t be k(6). Suppose -1 = t*n - 81. What are the prime factors of n?
2
Suppose 0*v + 6*v = -1824. Let h = v - -499. What are the prime factors of h?
3, 5, 13
Suppose 13*o - 2080 = -2*q + 9*o, 0 = -3*q + o + 3141. What are the prime factors of q?
2, 523
Suppose 10*u + 4 = 12*u. Let l(h) = 1 - h**2 + 3 + u. List the prime factors of l(0).
2, 3
Suppose -3*v + 3*s = -6*v - 15, 5*s + 25 = -3*v. Suppose v = 13*x - 412 - 2266. List the prime factors of x.
2, 103
Let z(s) = -s**3 - 6*s**2 + 7*s + 2. Let d be z(-7). Let i = 108 + -58. Suppose l + 0*v + d*v = 11, 4*l + 2*v = i. List the prime factors of l.
13
Let s(i) = -4*i + 1. Let n(g) = -2*g. Let u(x) = -7*n(x) + 4*s(x). Let d be u(3). Let p(o) = -8*o - 6. What are the prime factors of p(d)?
2, 5
Suppose 11*q = 14*q - 15. List the prime factors of ((-85)/q)/((-3)/21).
7, 17
What are the prime factors of (12 + 0)/(-4) + 159*5?
2, 3, 11
Suppose -4*w + 97 = 4*s - 131, 4*w - 4 = 0. List the prime factors of (s/21)/((-1)/(-6)).
2
Suppose 0 = 257*w - 239*w - 18450. List the prime factors of w.
5, 41
Let z = -411 + 1019. List the prime factors of z.
2, 19
Let i = 382 - 216. Let w = i - 164. List the prime factors of w.
2
Let p(n) = 419*n - 309. List the prime factors of p(7).
2, 41
Let c(a) = 8*a**2 - 5*a + 5 - 7*a + 6*a - 2*a**2. What are the prime factors of c(4)?
7, 11
Suppose -x + 3024 = -2*y, 5*x - 13339 - 1757 = -2*y. What are the prime factors of x?
2, 5, 151
Let q = 75 + -70. Suppose -7*n + q*z = -3*n - 28, -n + 2*z = -7. List the prime factors of n.
7
Let q = 40 - 36. Suppose -q*p + 60 = -0. What are the prime factors of p?
3, 5
Let m(u) = -42*u - 216. List the prime factors of m(-10).
2, 3, 17
Let a be (0/(-6))/(2 - 0). Suppose a = -6*k + 188 + 34. What are the prime factors of k?
37
Let g = -1420 - -2203. What are the prime factors of g?
3, 29
Let r(y) = -y**3 - 2*y**2 + 3. Let i = 72 - 78. What are the prime factors of r(i)?
3, 7
Let w(x) = -2*x + 17. Let h be w(7). Suppose -h*o + s + 200 = 0, o + 2*s = -3*s + 40. List the prime factors of o.
5, 13
Let d(a) = -4*a - 3 - 3 + 4 + a**2 + 5*a**2. Let h(r) = -3*r**2 + 2*r + 1. Let k(m) = -4*d(m) - 9*h(m). List the prime factors of k(-3).
2
List the prime factors of 1 + (-429)/(-3 - 0) - 4.
2, 5, 7
Suppose i + 4*q = -40, q - 78 - 133 = 4*i. Let c = 104 + i. List the prime factors of c.
2, 13
Suppose -73*m + 62127 + 168334 = 0. What are the prime factors of m?
7, 11, 41
Let l be (-3)/((-66)/2614) + 6/33. Suppose 2*r = -s - r + l, -595 = -5*s - r. List the prime factors of s.
7, 17
Let t(i) = -2*i - 2. Let c be t(-3). Let m = 65 - c. List the prime factors of m.
61
Let c = -236 - -400. What are the prime factors of c?
2, 41
Let n(r) = r + 16 + r**2 + 0*r**2 - 13. Let s be n(0). Suppose -s*h = -0 - 30. List the prime factors of h.
2, 5
Suppose 14 = 5*u + 4. Suppose -5*i - 5*n = -4*n - 22, -u*i = 2*n - 12. Suppose 196 = i*f + 12. List the prime factors of f.
2, 23
Let p(r) = 57*r**2 - 1. Suppose 7*a + 4 = 3*a. List the prime factors of p(a).
2, 7
Suppose -386 = -7*b + 755. Let x = -59 + b. What are the prime factors of x?
2, 13
List the prime factors of ((-2)/(-6))/((2/2535)/2).
5, 13
Let t(b) = -b + 3. Let a(v) = -v**2 + 4*v + 5. Let i be a(5). Let p be t(i). Suppose 5*q - 137 = c, p*q + 5 = 5*c + 96. What are the prime factors of q?
3
Let c be 4/(-26) - -134*(-3)/(-78). Suppose -278 = -2*f + c*x - 9*x, 5*f = -5*x + 695. List the prime factors of f.
139
Let u(x) = -5*x**2 + 2*x - 4. Let n be u(3). Let s = -32 - n. List the prim